[INFO] cloning repository https://github.com/recursive-bloom/bloom-clap
[INFO] running `Command { std: "git" "-c" "credential.helper=" "-c" "credential.helper=/workspace/cargo-home/bin/git-credential-null" "clone" "--bare" "https://github.com/recursive-bloom/bloom-clap" "/workspace/cache/git-repos/https%3A%2F%2Fgithub.com%2Frecursive-bloom%2Fbloom-clap", kill_on_drop: false }`
[INFO] [stderr] Cloning into bare repository '/workspace/cache/git-repos/https%3A%2F%2Fgithub.com%2Frecursive-bloom%2Fbloom-clap'...
[INFO] running `Command { std: "git" "rev-parse" "HEAD", kill_on_drop: false }`
[INFO] [stdout] 1d98f6e5b824ec3866c3d6886627f18460cf8d38
[INFO] checking recursive-bloom/bloom-clap against master#af3c6e733a40e671550e0f0f5aeecaa13772ba56 for pr-74989
[INFO] running `Command { std: "git" "clone" "/workspace/cache/git-repos/https%3A%2F%2Fgithub.com%2Frecursive-bloom%2Fbloom-clap" "/workspace/builds/worker-4/source", kill_on_drop: false }`
[INFO] [stderr] Cloning into '/workspace/builds/worker-4/source'...
[INFO] [stderr] done.
[INFO] validating manifest of git repo https://github.com/recursive-bloom/bloom-clap on toolchain af3c6e733a40e671550e0f0f5aeecaa13772ba56
[INFO] running `Command { std: "/workspace/cargo-home/bin/cargo" "+af3c6e733a40e671550e0f0f5aeecaa13772ba56" "read-manifest" "--manifest-path" "Cargo.toml", kill_on_drop: false }`
[INFO] started tweaking git repo https://github.com/recursive-bloom/bloom-clap
[INFO] finished tweaking git repo https://github.com/recursive-bloom/bloom-clap
[INFO] tweaked toml for git repo https://github.com/recursive-bloom/bloom-clap written to /workspace/builds/worker-4/source/Cargo.toml
[INFO] crate git repo https://github.com/recursive-bloom/bloom-clap already has a lockfile, it will not be regenerated
[INFO] running `Command { std: "/workspace/cargo-home/bin/cargo" "+af3c6e733a40e671550e0f0f5aeecaa13772ba56" "fetch" "--locked" "--manifest-path" "Cargo.toml", kill_on_drop: false }`
[INFO] running `Command { std: "docker" "create" "-v" "/var/lib/crater-agent-workspace/builds/worker-4/target:/opt/rustwide/target:rw,Z" "-v" "/var/lib/crater-agent-workspace/builds/worker-4/source:/opt/rustwide/workdir:ro,Z" "-v" "/var/lib/crater-agent-workspace/cargo-home:/opt/rustwide/cargo-home:ro,Z" "-v" "/var/lib/crater-agent-workspace/rustup-home:/opt/rustwide/rustup-home:ro,Z" "-e" "SOURCE_DIR=/opt/rustwide/workdir" "-e" "CARGO_TARGET_DIR=/opt/rustwide/target" "-e" "CARGO_HOME=/opt/rustwide/cargo-home" "-e" "RUSTUP_HOME=/opt/rustwide/rustup-home" "-w" "/opt/rustwide/workdir" "-m" "1610612736" "--user" "0:0" "--network" "none" "rustops/crates-build-env@sha256:d92eaeed33fa75130ca1ee6c8a01d1ffb62bac859dfdfb3450e3e5d1c0146529" "/opt/rustwide/cargo-home/bin/cargo" "+af3c6e733a40e671550e0f0f5aeecaa13772ba56" "metadata" "--no-deps" "--format-version=1", kill_on_drop: false }`
[INFO] [stdout] 2b4d2106e109a77c48b0105739f1b4b8be9195dcf8a1a6e9e685547c49c1093a
[INFO] [stderr] WARNING: Your kernel does not support swap limit capabilities or the cgroup is not mounted. Memory limited without swap.
[INFO] running `Command { std: "docker" "start" "-a" "2b4d2106e109a77c48b0105739f1b4b8be9195dcf8a1a6e9e685547c49c1093a", kill_on_drop: false }`
[INFO] running `Command { std: "docker" "inspect" "2b4d2106e109a77c48b0105739f1b4b8be9195dcf8a1a6e9e685547c49c1093a", kill_on_drop: false }`
[INFO] running `Command { std: "docker" "rm" "-f" "2b4d2106e109a77c48b0105739f1b4b8be9195dcf8a1a6e9e685547c49c1093a", kill_on_drop: false }`
[INFO] [stdout] 2b4d2106e109a77c48b0105739f1b4b8be9195dcf8a1a6e9e685547c49c1093a
[INFO] running `Command { std: "docker" "create" "-v" "/var/lib/crater-agent-workspace/builds/worker-4/target:/opt/rustwide/target:rw,Z" "-v" "/var/lib/crater-agent-workspace/builds/worker-4/source:/opt/rustwide/workdir:ro,Z" "-v" "/var/lib/crater-agent-workspace/cargo-home:/opt/rustwide/cargo-home:ro,Z" "-v" "/var/lib/crater-agent-workspace/rustup-home:/opt/rustwide/rustup-home:ro,Z" "-e" "SOURCE_DIR=/opt/rustwide/workdir" "-e" "CARGO_TARGET_DIR=/opt/rustwide/target" "-e" "CARGO_INCREMENTAL=0" "-e" "RUST_BACKTRACE=full" "-e" "RUSTFLAGS=--cap-lints=forbid" "-e" "CARGO_HOME=/opt/rustwide/cargo-home" "-e" "RUSTUP_HOME=/opt/rustwide/rustup-home" "-w" "/opt/rustwide/workdir" "-m" "1610612736" "--user" "0:0" "--network" "none" "rustops/crates-build-env@sha256:d92eaeed33fa75130ca1ee6c8a01d1ffb62bac859dfdfb3450e3e5d1c0146529" "/opt/rustwide/cargo-home/bin/cargo" "+af3c6e733a40e671550e0f0f5aeecaa13772ba56" "check" "--frozen" "--all" "--all-targets" "--message-format=json", kill_on_drop: false }`
[INFO] [stdout] 34d2d89a6d2208a9beffb3de4c7c4187470965fce76581deb864e7db9277bbb7
[INFO] [stderr] WARNING: Your kernel does not support swap limit capabilities or the cgroup is not mounted. Memory limited without swap.
[INFO] running `Command { std: "docker" "start" "-a" "34d2d89a6d2208a9beffb3de4c7c4187470965fce76581deb864e7db9277bbb7", kill_on_drop: false }`
[INFO] [stderr]    Compiling libc v0.2.74
[INFO] [stderr]    Compiling proc-macro2 v1.0.19
[INFO] [stderr]    Compiling syn v1.0.36
[INFO] [stderr]    Compiling serde v1.0.114
[INFO] [stderr]    Compiling autocfg v0.1.7
[INFO] [stderr]     Checking rustc-hex v2.1.0
[INFO] [stderr]    Compiling crunchy v0.2.2
[INFO] [stderr]     Checking radium v0.3.0
[INFO] [stderr]     Checking byte-slice-cast v0.3.5
[INFO] [stderr]    Compiling memchr v2.3.3
[INFO] [stderr]    Compiling cc v1.0.41
[INFO] [stderr]     Checking safemem v0.3.3
[INFO] [stderr]     Checking subtle v2.2.3
[INFO] [stderr]    Compiling log v0.4.11
[INFO] [stderr]     Checking linked-hash-map v0.5.3
[INFO] [stderr]     Checking regex-syntax v0.6.18
[INFO] [stderr]    Compiling proc-macro-hack v0.5.18
[INFO] [stderr]     Checking quick-error v1.2.3
[INFO] [stderr]     Checking block-padding v0.2.0
[INFO] [stderr]    Compiling serde_derive v1.0.114
[INFO] [stderr]     Checking signature v1.2.2
[INFO] [stderr]    Compiling serde_json v1.0.57
[INFO] [stderr]     Checking itoa v0.4.6
[INFO] [stderr]     Checking hex_fmt v0.3.0
[INFO] [stderr]     Checking rand_core v0.3.1
[INFO] [stderr]     Checking rand_jitter v0.1.4
[INFO] [stderr]    Compiling hashbrown v0.8.1
[INFO] [stderr]    Compiling indexmap v1.5.0
[INFO] [stderr]    Compiling num-traits v0.2.12
[INFO] [stderr]     Checking thread_local v1.0.1
[INFO] [stderr]     Checking rlp v0.4.5
[INFO] [stderr]     Checking bitvec v0.17.4
[INFO] [stderr]     Checking yaml-rust v0.4.4
[INFO] [stderr]     Checking ed25519 v1.0.1
[INFO] [stderr]     Checking humantime v1.3.0
[INFO] [stderr]     Checking rand_xorshift v0.1.1
[INFO] [stderr]     Checking rand_hc v0.1.0
[INFO] [stderr]     Checking rand_isaac v0.1.1
[INFO] [stderr]     Checking base64 v0.9.3
[INFO] [stderr]    Compiling rand_pcg v0.1.2
[INFO] [stderr]    Compiling rand_chacha v0.1.1
[INFO] [stderr]    Compiling rand v0.6.5
[INFO] [stderr]     Checking block-cipher-trait v0.6.2
[INFO] [stderr]     Checking stream-cipher v0.3.2
[INFO] [stderr]     Checking impl-rlp v0.2.1
[INFO] [stderr]     Checking digest v0.9.0
[INFO] [stderr]     Checking block-buffer v0.9.0
[INFO] [stderr]     Checking sha2 v0.8.2
[INFO] [stderr]     Checking ripemd160 v0.8.0
[INFO] [stderr]     Checking hmac v0.7.1
[INFO] [stderr]     Checking tiny-keccak v2.0.2
[INFO] [stderr]     Checking uint v0.8.3
[INFO] [stderr]     Checking aes-soft v0.3.3
[INFO] [stderr]     Checking ctr v0.3.2
[INFO] [stderr]     Checking block-modes v0.3.3
[INFO] [stderr]     Checking sha3 v0.9.1
[INFO] [stderr]     Checking aho-corasick v0.7.13
[INFO] [stderr]     Checking aes v0.3.2
[INFO] [stderr]     Checking aes-ctr v0.3.0
[INFO] [stderr]    Compiling quote v1.0.7
[INFO] [stderr]    Compiling hex-literal-impl v0.2.2
[INFO] [stderr]     Checking getrandom v0.1.14
[INFO] [stderr]     Checking rand_os v0.1.3
[INFO] [stderr]     Checking rand v0.5.6
[INFO] [stderr]     Checking atty v0.2.14
[INFO] [stderr]    Compiling secp256k1-sys v0.1.2
[INFO] [stderr]     Checking rand_core v0.5.1
[INFO] [stderr]     Checking hex-literal v0.2.1
[INFO] [stderr]     Checking rand_chacha v0.2.2
[INFO] [stderr]     Checking rand v0.7.3
[INFO] [stderr]     Checking pbkdf2 v0.3.0
[INFO] [stderr]     Checking secp256k1 v0.17.2
[INFO] [stderr]     Checking scrypt v0.2.0
[INFO] [stderr]     Checking regex v1.3.9
[INFO] [stderr]     Checking fixed-hash v0.6.1
[INFO] [stderr]     Checking env_logger v0.7.1
[INFO] [stderr]     Checking parity-scale-codec v1.3.4
[INFO] [stderr]     Checking impl-serde v0.3.1
[INFO] [stderr]     Checking ethbloom v0.9.2
[INFO] [stderr]    Compiling synstructure v0.12.4
[INFO] [stderr]    Compiling syn-mid v0.5.0
[INFO] [stderr]    Compiling zeroize_derive v1.0.0
[INFO] [stderr]    Compiling proc-macro-error-attr v0.4.12
[INFO] [stderr]     Checking impl-codec v0.4.2
[INFO] [stderr]     Checking primitive-types v0.7.2
[INFO] [stderr]     Checking zeroize v1.1.0
[INFO] [stderr]    Compiling proc-macro-error v0.4.12
[INFO] [stderr]     Checking curve25519-dalek v2.1.0
[INFO] [stderr]     Checking merlin v2.0.0
[INFO] [stderr]    Compiling clap_derive v3.0.0-beta.1
[INFO] [stderr]     Checking ethereum-types v0.9.2
[INFO] [stderr]     Checking keccak-hash v0.5.1
[INFO] [stderr]     Checking schnorrkel v0.9.1
[INFO] [stderr]     Checking ed25519-dalek v1.0.0-pre.4
[INFO] [stderr]     Checking contract-address v0.4.0
[INFO] [stderr]     Checking parity-crypto v0.6.2
[INFO] [stderr]     Checking clap v3.0.0-beta.1
[INFO] [stderr]     Checking bloom-clap v0.1.0 (/opt/rustwide/workdir)
[INFO] [stdout] error: cannot find derive macro `Deserialize` in this scope
[INFO] [stdout]    --> src/subcmd/eth_tx_cmd.rs:161:18
[INFO] [stdout]     |
[INFO] [stdout] 161 |         #[derive(Deserialize)]
[INFO] [stdout]     |                  ^^^^^^^^^^^
[INFO] [stdout] 
[INFO] [stdout] 
[INFO] [stdout] error: cannot find derive macro `Deserialize` in this scope
[INFO] [stdout]    --> src/subcmd/eth_tx_cmd.rs:184:18
[INFO] [stdout]     |
[INFO] [stdout] 184 |         #[derive(Deserialize)]
[INFO] [stdout]     |                  ^^^^^^^^^^^
[INFO] [stdout] 
[INFO] [stdout] 
[INFO] [stdout] error: cannot find derive macro `Deserialize` in this scope
[INFO] [stdout]   --> src/subcmd.rs:29:18
[INFO] [stdout]    |
[INFO] [stdout] 29 |         #[derive(Deserialize)]
[INFO] [stdout]    |                  ^^^^^^^^^^^
[INFO] [stdout] 
[INFO] [stdout] 
[INFO] [stdout] error: cannot find derive macro `Deserialize` in this scope
[INFO] [stdout]   --> src/subcmd.rs:52:18
[INFO] [stdout]    |
[INFO] [stdout] 52 |         #[derive(Deserialize)]
[INFO] [stdout]    |                  ^^^^^^^^^^^
[INFO] [stdout] 
[INFO] [stdout] 
[INFO] [stdout] warning: unused import: `hex::encode`
[INFO] [stdout]  --> src/subcmd/keccak_cmd.rs:5:5
[INFO] [stdout]   |
[INFO] [stdout] 5 | use hex::encode;
[INFO] [stdout]   |     ^^^^^^^^^^^
[INFO] [stdout]   |
[INFO] [stdout]   = note: `#[warn(unused_imports)]` on by default
[INFO] [stdout] 
[INFO] [stdout] 
[INFO] [stdout] warning: unused import: `H160`
[INFO] [stdout]  --> src/subcmd/keccak_cmd.rs:6:23
[INFO] [stdout]   |
[INFO] [stdout] 6 | use primitive_types::{H160, H256};
[INFO] [stdout]   |                       ^^^^
[INFO] [stdout] 
[INFO] [stdout] 
[INFO] [stdout] warning: unused import: `hex::encode`
[INFO] [stdout]  --> src/subcmd/sha3_cmd.rs:2:5
[INFO] [stdout]   |
[INFO] [stdout] 2 | use hex::encode;
[INFO] [stdout]   |     ^^^^^^^^^^^
[INFO] [stdout] 
[INFO] [stdout] 
[INFO] [stdout] warning: unused import: `H160`
[INFO] [stdout]  --> src/subcmd/sha3_cmd.rs:3:23
[INFO] [stdout]   |
[INFO] [stdout] 3 | use primitive_types::{H160, H256};
[INFO] [stdout]   |                       ^^^^
[INFO] [stdout] 
[INFO] [stdout] 
[INFO] [stdout] warning: unused import: `hex::encode`
[INFO] [stdout]  --> src/subcmd/eth_tx_cmd.rs:3:5
[INFO] [stdout]   |
[INFO] [stdout] 3 | use hex::encode;
[INFO] [stdout]   |     ^^^^^^^^^^^
[INFO] [stdout] 
[INFO] [stdout] 
[INFO] [stdout] warning: unused imports: `H160`, `U256`
[INFO] [stdout]    --> src/subcmd/eth_tx_cmd.rs:155:31
[INFO] [stdout]     |
[INFO] [stdout] 155 |         use primitive_types::{H160, H256, U256};
[INFO] [stdout]     |                               ^^^^        ^^^^
[INFO] [stdout] 
[INFO] [stdout] 
[INFO] [stdout] warning: unused imports: `H160`, `U256`
[INFO] [stdout]    --> src/subcmd/eth_tx_cmd.rs:179:31
[INFO] [stdout]     |
[INFO] [stdout] 179 |         use primitive_types::{H160, H256, U256};
[INFO] [stdout]     |                               ^^^^        ^^^^
[INFO] [stdout] 
[INFO] [stdout] 
[INFO] [stdout] warning: unused import: `hex::encode`
[INFO] [stdout]  --> src/subcmd/address_cmd.rs:2:5
[INFO] [stdout]   |
[INFO] [stdout] 2 | use hex::encode;
[INFO] [stdout]   |     ^^^^^^^^^^^
[INFO] [stdout] 
[INFO] [stdout] 
[INFO] [stdout] warning: unused import: `Address`
[INFO] [stdout]  --> src/subcmd/address_cmd.rs:5:5
[INFO] [stdout]   |
[INFO] [stdout] 5 |     Address,
[INFO] [stdout]   |     ^^^^^^^
[INFO] [stdout] 
[INFO] [stdout] 
[INFO] [stdout] warning: unused import: `std::str::FromStr`
[INFO] [stdout]  --> src/subcmd/address_cmd.rs:9:5
[INFO] [stdout]   |
[INFO] [stdout] 9 | use std::str::FromStr;
[INFO] [stdout]   |     ^^^^^^^^^^^^^^^^^
[INFO] [stdout] 
[INFO] [stdout] 
[INFO] [stdout] warning: unused imports: `Public`, `Secret`, `Signature`, `recover`
[INFO] [stdout]   --> src/subcmd/address_cmd.rs:10:32
[INFO] [stdout]    |
[INFO] [stdout] 10 | use parity_crypto::publickey::{Signature, Secret, Public, recover, public_to_address};
[INFO] [stdout]    |                                ^^^^^^^^^  ^^^^^^  ^^^^^^  ^^^^^^^
[INFO] [stdout] 
[INFO] [stdout] 
[INFO] [stdout] warning: unused imports: `H160`, `U256`
[INFO] [stdout]   --> src/subcmd.rs:23:31
[INFO] [stdout]    |
[INFO] [stdout] 23 |         use primitive_types::{H160, H256, U256};
[INFO] [stdout]    |                               ^^^^        ^^^^
[INFO] [stdout] 
[INFO] [stdout] 
[INFO] [stdout] warning: unused imports: `H160`, `U256`
[INFO] [stdout]   --> src/subcmd.rs:47:31
[INFO] [stdout]    |
[INFO] [stdout] 47 |         use primitive_types::{H160, H256, U256};
[INFO] [stdout]    |                               ^^^^        ^^^^
[INFO] [stdout] 
[INFO] [stdout] 
[INFO] [stdout] warning: unused imports: `ArgMatches`, `Arg`
[INFO] [stdout]  --> src/main.rs:7:5
[INFO] [stdout]   |
[INFO] [stdout] 7 |     ArgMatches,
[INFO] [stdout]   |     ^^^^^^^^^^
[INFO] [stdout] 8 |     Arg
[INFO] [stdout]   |     ^^^
[INFO] [stdout] 
[INFO] [stdout] 
[INFO] [stdout] warning: unused import: `hex::encode`
[INFO] [stdout]  --> src/subcmd/keccak_cmd.rs:5:5
[INFO] [stdout]   |
[INFO] [stdout] 5 | use hex::encode;
[INFO] [stdout]   |     ^^^^^^^^^^^
[INFO] [stdout]   |
[INFO] [stdout]   = note: `#[warn(unused_imports)]` on by default
[INFO] [stdout] 
[INFO] [stdout] 
[INFO] [stdout] warning: unused import: `H160`
[INFO] [stdout]  --> src/subcmd/keccak_cmd.rs:6:23
[INFO] [stdout]   |
[INFO] [stdout] 6 | use primitive_types::{H160, H256};
[INFO] [stdout]   |                       ^^^^
[INFO] [stdout] 
[INFO] [stdout] 
[INFO] [stdout] warning: unused import: `hex::encode`
[INFO] [stdout]  --> src/subcmd/sha3_cmd.rs:2:5
[INFO] [stdout]   |
[INFO] [stdout] 2 | use hex::encode;
[INFO] [stdout]   |     ^^^^^^^^^^^
[INFO] [stdout] 
[INFO] [stdout] 
[INFO] [stdout] warning: unused import: `H160`
[INFO] [stdout]  --> src/subcmd/sha3_cmd.rs:3:23
[INFO] [stdout]   |
[INFO] [stdout] 3 | use primitive_types::{H160, H256};
[INFO] [stdout]   |                       ^^^^
[INFO] [stdout] 
[INFO] [stdout] 
[INFO] [stdout] warning: unused import: `hex::encode`
[INFO] [stdout]  --> src/subcmd/eth_tx_cmd.rs:3:5
[INFO] [stdout]   |
[INFO] [stdout] 3 | use hex::encode;
[INFO] [stdout]   |     ^^^^^^^^^^^
[INFO] [stdout] 
[INFO] [stdout] 
[INFO] [stdout] warning: unused import: `hex::encode`
[INFO] [stdout]  --> src/subcmd/address_cmd.rs:2:5
[INFO] [stdout]   |
[INFO] [stdout] 2 | use hex::encode;
[INFO] [stdout]   |     ^^^^^^^^^^^
[INFO] [stdout] 
[INFO] [stdout] 
[INFO] [stdout] warning: unused import: `Address`
[INFO] [stdout]  --> src/subcmd/address_cmd.rs:5:5
[INFO] [stdout]   |
[INFO] [stdout] 5 |     Address,
[INFO] [stdout]   |     ^^^^^^^
[INFO] [stdout] 
[INFO] [stdout] 
[INFO] [stdout] warning: unused import: `std::str::FromStr`
[INFO] [stdout]  --> src/subcmd/address_cmd.rs:9:5
[INFO] [stdout]   |
[INFO] [stdout] 9 | use std::str::FromStr;
[INFO] [stdout]   |     ^^^^^^^^^^^^^^^^^
[INFO] [stdout] 
[INFO] [stdout] 
[INFO] [stdout] warning: unused imports: `Public`, `Secret`, `Signature`, `recover`
[INFO] [stdout]   --> src/subcmd/address_cmd.rs:10:32
[INFO] [stdout]    |
[INFO] [stdout] 10 | use parity_crypto::publickey::{Signature, Secret, Public, recover, public_to_address};
[INFO] [stdout]    |                                ^^^^^^^^^  ^^^^^^  ^^^^^^  ^^^^^^^
[INFO] [stdout] 
[INFO] [stdout] 
[INFO] [stdout] warning: unused imports: `ArgMatches`, `Arg`
[INFO] [stdout]  --> src/main.rs:7:5
[INFO] [stdout]   |
[INFO] [stdout] 7 |     ArgMatches,
[INFO] [stdout]   |     ^^^^^^^^^^
[INFO] [stdout] 8 |     Arg
[INFO] [stdout]   |     ^^^
[INFO] [stdout] 
[INFO] [stdout] 
[INFO] [stdout] warning: unused variable: `opt_match`
[INFO] [stdout]   --> src/subcmd.rs:14:23
[INFO] [stdout]    |
[INFO] [stdout] 14 | pub fn hash_processor(opt_match : Option<&ArgMatches>) {
[INFO] [stdout]    |                       ^^^^^^^^^ help: if this is intentional, prefix it with an underscore: `_opt_match`
[INFO] [stdout]    |
[INFO] [stdout]    = note: `#[warn(unused_variables)]` on by default
[INFO] [stdout] 
[INFO] [stdout] 
[INFO] [stdout] warning: variable does not need to be mutable
[INFO] [stdout]   --> src/subcmd/sha3_cmd.rs:10:13
[INFO] [stdout]    |
[INFO] [stdout] 10 |         let mut bee = sha3_256(tx.as_slice());
[INFO] [stdout]    |             ----^^^
[INFO] [stdout]    |             |
[INFO] [stdout]    |             help: remove this `mut`
[INFO] [stdout]    |
[INFO] [stdout]    = note: `#[warn(unused_mut)]` on by default
[INFO] [stdout] 
[INFO] [stdout] 
[INFO] [stdout] error[E0277]: the trait bound `subcmd::test::test_signs_transaction_eth::Signing: Deserialize<'_>` is not satisfied
[INFO] [stdout]     --> src/subcmd.rs:38:51
[INFO] [stdout]      |
[INFO] [stdout] 38   |         let txs: Vec<(RawTransaction, Signing)> = serde_json::from_str(&f_string).unwrap();
[INFO] [stdout]      |                                                   ^^^^^^^^^^^^^^^^^^^^ the trait `Deserialize<'_>` is not implemented for `subcmd::test::test_signs_transaction_eth::Signing`
[INFO] [stdout]      | 
[INFO] [stdout]     ::: /opt/rustwide/cargo-home/registry/src/github.com-1ecc6299db9ec823/serde_json-1.0.57/src/de.rs:2584:8
[INFO] [stdout]      |
[INFO] [stdout] 2584 |     T: de::Deserialize<'a>,
[INFO] [stdout]      |        ------------------- required by this bound in `serde_json::from_str`
[INFO] [stdout]      |
[INFO] [stdout]      = note: required because of the requirements on the impl of `Deserialize<'_>` for `(RawTransaction, subcmd::test::test_signs_transaction_eth::Signing)`
[INFO] [stdout]      = note: required because of the requirements on the impl of `Deserialize<'_>` for `Vec<(RawTransaction, subcmd::test::test_signs_transaction_eth::Signing)>`
[INFO] [stdout] 
[INFO] [stdout] 
[INFO] [stdout] error[E0277]: the trait bound `subcmd::test::test_signs_transaction_ropsten::Signing: Deserialize<'_>` is not satisfied
[INFO] [stdout]     --> src/subcmd.rs:61:51
[INFO] [stdout]      |
[INFO] [stdout] 61   |         let txs: Vec<(RawTransaction, Signing)> = serde_json::from_str(&f_string).unwrap();
[INFO] [stdout]      |                                                   ^^^^^^^^^^^^^^^^^^^^ the trait `Deserialize<'_>` is not implemented for `subcmd::test::test_signs_transaction_ropsten::Signing`
[INFO] [stdout]      | 
[INFO] [stdout]     ::: /opt/rustwide/cargo-home/registry/src/github.com-1ecc6299db9ec823/serde_json-1.0.57/src/de.rs:2584:8
[INFO] [stdout]      |
[INFO] [stdout] 2584 |     T: de::Deserialize<'a>,
[INFO] [stdout]      |        ------------------- required by this bound in `serde_json::from_str`
[INFO] [stdout]      |
[INFO] [stdout]      = note: required because of the requirements on the impl of `Deserialize<'_>` for `(RawTransaction, subcmd::test::test_signs_transaction_ropsten::Signing)`
[INFO] [stdout]      = note: required because of the requirements on the impl of `Deserialize<'_>` for `Vec<(RawTransaction, subcmd::test::test_signs_transaction_ropsten::Signing)>`
[INFO] [stdout] 
[INFO] [stdout] 
[INFO] [stdout] warning: 12 warnings emitted
[INFO] [stdout] 
[INFO] [stdout] 
[INFO] [stdout] error[E0277]: the trait bound `eth_tx_cmd::test::test_signs_transaction_eth::Signing: Deserialize<'_>` is not satisfied
[INFO] [stdout]     --> src/subcmd/eth_tx_cmd.rs:170:51
[INFO] [stdout]      |
[INFO] [stdout] 170  |         let txs: Vec<(RawTransaction, Signing)> = serde_json::from_str(&f_string).unwrap();
[INFO] [stdout]      |                                                   ^^^^^^^^^^^^^^^^^^^^ the trait `Deserialize<'_>` is not implemented for `eth_tx_cmd::test::test_signs_transaction_eth::Signing`
[INFO] [stdout]      | 
[INFO] [stdout]     ::: /opt/rustwide/cargo-home/registry/src/github.com-1ecc6299db9ec823/serde_json-1.0.57/src/de.rs:2584:8
[INFO] [stdout]      |
[INFO] [stdout] 2584 |     T: de::Deserialize<'a>,
[INFO] [stdout]      |        ------------------- required by this bound in `serde_json::from_str`
[INFO] [stdout]      |
[INFO] [stdout]      = note: required because of the requirements on the impl of `Deserialize<'_>` for `(RawTransaction, eth_tx_cmd::test::test_signs_transaction_eth::Signing)`
[INFO] [stdout]      = note: required because of the requirements on the impl of `Deserialize<'_>` for `Vec<(RawTransaction, eth_tx_cmd::test::test_signs_transaction_eth::Signing)>`
[INFO] [stdout] 
[INFO] [stdout] 
[INFO] [stdout] error[E0277]: the trait bound `eth_tx_cmd::test::test_signs_transaction_ropsten::Signing: Deserialize<'_>` is not satisfied
[INFO] [stdout]     --> src/subcmd/eth_tx_cmd.rs:193:51
[INFO] [stdout]      |
[INFO] [stdout] 193  |         let txs: Vec<(RawTransaction, Signing)> = serde_json::from_str(&f_string).unwrap();
[INFO] [stdout]      |                                                   ^^^^^^^^^^^^^^^^^^^^ the trait `Deserialize<'_>` is not implemented for `eth_tx_cmd::test::test_signs_transaction_ropsten::Signing`
[INFO] [stdout]      | 
[INFO] [stdout]     ::: /opt/rustwide/cargo-home/registry/src/github.com-1ecc6299db9ec823/serde_json-1.0.57/src/de.rs:2584:8
[INFO] [stdout]      |
[INFO] [stdout] 2584 |     T: de::Deserialize<'a>,
[INFO] [stdout]      |        ------------------- required by this bound in `serde_json::from_str`
[INFO] [stdout]      |
[INFO] [stdout]      = note: required because of the requirements on the impl of `Deserialize<'_>` for `(RawTransaction, eth_tx_cmd::test::test_signs_transaction_ropsten::Signing)`
[INFO] [stdout]      = note: required because of the requirements on the impl of `Deserialize<'_>` for `Vec<(RawTransaction, eth_tx_cmd::test::test_signs_transaction_ropsten::Signing)>`
[INFO] [stdout] 
[INFO] [stdout] 
[INFO] [stdout] error: aborting due to 8 previous errors; 14 warnings emitted
[INFO] [stdout] 
[INFO] [stdout] 
[INFO] [stdout] For more information about this error, try `rustc --explain E0277`.
[INFO] [stdout] 
[INFO] [stderr] error: could not compile `bloom-clap`.
[INFO] [stderr] 
[INFO] [stderr] To learn more, run the command again with --verbose.
[INFO] running `Command { std: "docker" "inspect" "34d2d89a6d2208a9beffb3de4c7c4187470965fce76581deb864e7db9277bbb7", kill_on_drop: false }`
[INFO] running `Command { std: "docker" "rm" "-f" "34d2d89a6d2208a9beffb3de4c7c4187470965fce76581deb864e7db9277bbb7", kill_on_drop: false }`
[INFO] [stdout] 34d2d89a6d2208a9beffb3de4c7c4187470965fce76581deb864e7db9277bbb7
